46 = 0. List the prime factors of k.
17, 83
Let a = -12710 - -24295. Suppose 14*g + 665 = a. What are the prime factors of g?
2, 3, 5, 13
List the prime factors of -1 + (-1664548)/(-42) + (-47520)/(-1134) + -42.
39631
Suppose 2*s + 4 = 0, -q + 4*q + 5*s = 5. Suppose q*u = -0 - 5. What are the prime factors of 2184/24 + u*2?
89
Let l be (0 - 0/2) + 3. Let x(m) = 61*m - 91. What are the prime factors of x(l)?
2, 23
Suppose -9*v + 1671482 = 27*v + 43*v. What are the prime factors of v?
2, 71, 149
Let d be 3/(3 - 60/25). Let y be ((-18)/15)/(-2) - 3/d. Suppose 5*j + 0*f = -f + 891, -4*j + 5*f + 707 = y. List the prime factors of j.
2, 89
Let j(a) = a**3 + 13*a**2 + 8*a - 41. Let z be j(-12). Suppose z*f - 3736 = 1934. What are the prime factors of f?
2, 3, 5
List the prime factors of (-91)/39 - (51420/(-9) - -3).
2, 1427
Suppose -2*l + 5*k + 348 = 0, -l + 4*k + 522 = 2*l. Suppose -115 - l = 3*a + 5*z, 2*a - z + 210 = 0. Let w = a + 174. List the prime factors of w.
71
Let i be 2/7 + 514/14. Let t = -43 + i. Let h(k) = -2*k**3 - 6*k**2 + 2*k + 1. List the prime factors of h(t).
5, 41
Suppose 9*n + 1549206 = 155*n. List the prime factors of n.
3, 131
Let s(m) = 42*m**2 + 59*m + 30. Let g be s(-14). Suppose -18209 - g = -23*d. List the prime factors of d.
5, 223
Suppose 4*f - 2 = 3*y, 8 = y - 0*y + 3*f. Suppose -5*u = y*x - 2*u - 250, 2*x + u - 258 = 0. What are the prime factors of x?
131
Let o(b) = -81*b + 69. Let p be o(-10). Let h = p + -363. List the prime factors of h.
2, 3, 43
Let o(j) = -48*j + 2. Suppose 0 = 19*d - 23*d + 8. Let l be o(d). Let k = l + 239. What are the prime factors of k?
5, 29
What are the prime factors of (1737 - 33) + 0 + 1 + 2?
3, 569
Let d(n) = -250*n**3 + 50*n**2 + 223*n + 51. List the prime factors of d(-5).
2, 29, 271
Suppose -31*p + 235559 + 188463 = 26292. What are the prime factors of p?
2, 5, 1283
Suppose -175*l = -178*l + 223131. What are the prime factors of l?
74377
Let v be 6/((-23913)/(-23886) - 1). Suppose -v = -4*x - 700. List the prime factors of x.
2, 3
Let u = -259 + 63. Let i(r) = -51*r + 2. Let b be i(6). Let l = u - b. What are the prime factors of l?
2, 3
List the prime factors of ((-328)/492)/((-1)/(-20274)*-1).
2, 31, 109
Let d be -20*(168 - (2 + (-1 - 3))). List the prime factors of 5/10*d/(-4).
5, 17
Let d = 3344 - 1672. Suppose -190 = 13*j - d. Suppose -3*a + 5*q + j = 0, -4*q = -a + 23 + 15. What are the prime factors of a?
2, 19
Let q be 3/(-5) + 1303/5. Let o = q - 121. List the prime factors of o.
139
Suppose -13*p - p = 42. What are the prime factors of p/(-7)*-1 + 1206/21?
3, 19
Suppose -3*z - 3*x + 48837 + 27879 = 0, 0 = -6*x + 48. What are the prime factors of z?
2, 7, 11, 83
Let g(s) = -4*s**3 + 8*s**2 - 2*s - 26. Let y be g(-5). Suppose -2*o - y = -6*o. What are the prime factors of o?
3, 19
Suppose -153*z - 84*z = -332*z + 1482570. List the prime factors of z.
2, 3, 17
Let u(a) = 8259*a - 7557. List the prime factors of u(6).
3, 13999
Let x be -1 + -6*(-4)/8. Let s(m) = 473*m - 472*m - 11 + m**x + 0. List the prime factors of s(-6).
19
Suppose 7*o - 142348 = -8200. List the prime factors of o.
2, 3, 1597
Suppose 4*o - 26786 = -4*f + 14*o, 33577 = 5*f + o. What are the prime factors of f?
2, 3, 373
Let y = -4966 - -5954. List the prime factors of y.
2, 13, 19
Suppose 0 = 549*i - 548*i - 20696. Suppose -35*q - i = -61*q. List the prime factors of q.
2, 199
Suppose -10*m = -5*m - 20. Let f(u) = -u + 3. Let d be f(m). What are the prime factors of 226*d/(-2) + (-2)/(-2)?
2, 3, 19
Suppose 166*i + 405*i - 24114057 = -6189796. List the prime factors of i.
31391
Suppose -4*c - 1020 = 4*n + 160, -3*c - 881 = 2*n. Let d = c - -355. List the prime factors of d.
2
Suppose 166*y = 135*y + 690184. List the prime factors of y.
2, 11, 23
Suppose -5*r + 8 = -3*r + 4*i, 4*r + i = 37. Let y(n) = -n + 11. Let v be y(r). List the prime factors of (v + -3)/(5/(-95)).
2, 19
What are the prime factors of 2*((-3)/6)/(((-24)/38373)/8)?
12791
Suppose -17*k = -25*k - 24. Let g(w) = 164*w**2 - 15*w - 15. What are the prime factors of g(k)?
2, 3, 251
Suppose 3 = -3*s, 5*s + 1704 + 69 = 4*i. Let l = i + -16. What are the prime factors of l?
2, 3, 71
List the prime factors of -21 + 45 + -7 + 4105.
2, 3, 229
Let s(f) = -6*f - 24. Let y be -10 + ((-51)/18 - 3/18). List the prime factors of s(y).
2, 3
Suppose 270 = 13*v - 4*v. Suppose v = 4*o + o. Suppose -o - 7 = -r. What are the prime factors of r?
13
Suppose 3*b = 3*r - 3126, -19*b = -16*b. What are the prime factors of r?
2, 521
Suppose 0 = 4*d - 6*d + 32. Suppose 16*c + 4*g - 4 = 12*c, 2*c - 7 = -g. Suppose -1500 = -d*l + c*l. What are the prime factors of l?
2, 3, 5
Let t be ((-242)/3)/((-10)/(-60)). Let z = -784 - t. Let k = -202 - z. What are the prime factors of k?
2, 7
Let c = -4395 - -9909. List the prime factors of c.
2, 3, 919
Suppose 0 = 3*f - 10680 + 2124. Suppose -4*o + 8 = 0, -3*c - 3*o = -c - f. List the prime factors of c.
1423
Let t(m) = 8*m - 1. Suppose -9 = -2*b - 1. Suppose 2*x - 3*a + 7*a = 2, b*x + 5*a - 4 = 0. List the prime factors of t(x).
7
Suppose 6*r = 2*r - 20. Let l be (-95)/(-40)*4*(-2 + 4). List the prime factors of l + r - (-2 + 0).
2
Let i(v) = 36 - 25 - 22*v - 13*v. Let p be i(-7). Suppose -5*b + 320 = 3*j + 2*j, j = -4*b + p. List the prime factors of b.
2
Let v(r) = -2*r**2 + 8*r + 37. Let f(a) = -5*a**2 + 16*a + 74. Let w(z) = -3*f(z) + 7*v(z). List the prime factors of w(-7).
2, 3, 5
Let b be 4/(-20) + 303/15. Suppose 0 = 3*w - 7*w + b, -3*w + 11 = -g. List the prime factors of g.
2
Let c = 43711 - 18348. List the prime factors of c.
13, 1951
Let b = -241 - -227. Let y(u) be the third derivative of -u**4/6 + 5*u**3/2 + 4*u**2. List the prime factors of y(b).
71
Suppose -5*l + 75 = 55. Let a be 2*15/(-10) - -6. Suppose -5*q + 876 = l*g - a*q, -q = g - 221. What are the prime factors of g?
7, 31
Let p be 11/(-6) - 12/72. Let j be ((-14)/3)/2 + p/(-6). Let y(c) = -57*c - 9. List the prime factors of y(j).
3, 5, 7
Suppose 8*a - 3 + 19 = 0. Let b be a*15/10 - 19. List the prime factors of 1017/33 - 4/b.
31
Let l(o) = 25*o**2 - 3*o + 1. Let p be l(2). Suppose -1484*i + 1506*i - 1122 = 0. Let a = p - i. What are the prime factors of a?
2, 11
Let a(m) = -m**2 - 13*m + 3. Let j be a(-13). Let l be 61/4*(-1 - (j - 0)). Let v = -33 - l. List the prime factors of v.
2, 7
Suppose 133*y - 12 = 127*y. Suppose m - 4*w - 469 = 0, y*m - 461 = m - 4*w. List the prime factors of m.
3, 5, 31
Let a = 107 - -5053. List the prime factors of a.
2, 3, 5, 43
Suppose 47*y = 1711480 - 133784. List the prime factors of y.
2, 1049
Let d = 336 + -333. Suppose 5*l - d*i = 71, -3*l - 2*i + 60 = 2*i. List the prime factors of l.
2
List the prime factors of 9473 + 552/414 + (28/(-3) - 0).
3, 5, 631
Let d(g) = 297*g**2 - 34*g + 21. What are the prime factors of d(-5)?
2, 7, 17
Let l(g) = g**3 - 9*g**2 + 26*g + 1. Let m = -38 + 75. Let z = -29 + m. List the prime factors of l(z).
5, 29
Suppose -52 = -2*w - 46. Suppose -77 - 13 = -z - w*s, -5*z + 450 = -2*s. List the prime factors of z.
2, 3, 5
Suppose 8*r - 17 + 1 = 0. What are the prime factors of (6832/18)/r + 72/324?
2, 5, 19
Suppose 0 = 2*v - 219 - 13. Suppose 0*q + 87 = 3*q - 3*c, -4*q = 4*c - v. What are the prime factors of q?
29
Let o be 15/(-6)*14/(-5). Suppose 0 = -o*i + 4*i - 4*w + 235, -5*i + 385 = 5*w. What are the prime factors of i?
73
Suppose -2*z + 3*n + 31053 = 0, 5*z + 256*n - 251*n - 77570 = 0. List the prime factors of z.
3, 7, 739
Suppose 3*i = -4*l + 3, 4*l + 32 = 4*i - 0*l. Suppose -3*w + 1390 = -i*b, 4*w = -0*b + 3*b + 1835. What are the prime factors of w?
5, 7, 13
Suppose 1 + 11 = 2*j. Suppose i + 85 = j*i. Let q = i - 0. List the prime factors of q.
17
Let z = 29629 + -6411. List the prime factors of z.
2, 13, 19, 47
Suppose 0 = 19*k + 35768 - 430873. List the prime factors of k.
5, 4159
Let r(x) = 244*x**2 - 148*x + 55. What are the prime factors of r(7)?
5, 439
Let x(n) = 52*n**3 + 7*n + 6. Let d be x(-3). List the prime factors of (-6)/(5 + d/282).
2, 47
Suppose 2*r + 248868 = 4*g, 14098 = g + r - 48128. List the prime factors of g.
2, 3, 5, 17, 61
Let x(k) = -2*k + 99. Let h(d) = d - 21. Let c be h(14). What are the prime factors of x(c)?
113
Let x(s) = 954*s**3 - s**2 + 3*s - 